{"id":56,"date":"2020-11-16T20:06:04","date_gmt":"2020-11-16T19:06:04","guid":{"rendered":"http:\/\/mre.sciencespo-lille.eu\/?page_id=56"},"modified":"2023-01-27T09:29:42","modified_gmt":"2023-01-27T08:29:42","slug":"temoignages-detudiants-et-detudiantes-en-mre","status":"publish","type":"page","link":"https:\/\/mre.sciencespo-lille.eu\/index.php\/temoignages-detudiants-et-detudiantes-en-mre\/","title":{"rendered":"T\u00e9moignages d&rsquo;\u00e9tudiantes et d&rsquo;\u00e9tudiants en MRE"},"content":{"rendered":"\n<div class=\"wp-block-image\"><figure class=\"aligncenter size-large is-resized\"><img decoding=\"async\" src=\"http:\/\/mre.sciencespo-lille.eu\/wp-content\/uploads\/2020\/12\/Sans-titre-25.png\" alt=\"\" class=\"wp-image-120\" width=\"150\" height=\"150\" srcset=\"https:\/\/mre.sciencespo-lille.eu\/wp-content\/uploads\/2020\/12\/Sans-titre-25.png 500w, https:\/\/mre.sciencespo-lille.eu\/wp-content\/uploads\/2020\/12\/Sans-titre-25-300x300.png 300w, https:\/\/mre.sciencespo-lille.eu\/wp-content\/uploads\/2020\/12\/Sans-titre-25-150x150.png 150w\" sizes=\"(max-width: 150px) 100vw, 150px\" \/><\/figure><\/div>\n\n\n\n<hr class=\"wp-block-separator has-text-color has-background is-style-wide\" style=\"background-color:#e6e6e6;color:#e6e6e6\"\/>\n\n\n\n<p style=\"font-size:18px\"><strong>Lidi Wu<\/strong>, promotion 2021 (Nina Simone)<\/p>\n\n\n\n<p><strong>Pourquoi avez-vous choisi cette majeure ?<\/strong><\/p>\n\n\n\n<blockquote class=\"wp-block-quote is-layout-flow wp-block-quote-is-layout-flow\"><p>\u201cLe master CFI est une formation pluridisciplinaire et professionnalisante qui nous procure non seulement une connaissance globale en management mais \u00e9galement une certaine expertise sur la comptabilit\u00e9, la finance et la communication, nous permettant d\u2019avoir acc\u00e8s aux diff\u00e9rents m\u00e9tiers dans diff\u00e9rents domaines.\u201d<\/p><\/blockquote>\n\n\n\n<p><strong>Qu\u2019est-ce qui vous pla\u00eet le plus ?<\/strong><\/p>\n\n\n\n<blockquote class=\"wp-block-quote is-layout-flow wp-block-quote-is-layout-flow\"><p>\u201cContrairement \u00e0 des formations propos\u00e9es en \u00e9coles de commerce, qui sont souvent \u201cpurement techniques\u201d, la formation de SPL se penche aussi sur les th\u00e9ories essentielles en sciences de gestion, ce qui nous permet d\u2019avoir une base solide dans le domaine.\u201d<\/p><\/blockquote>\n\n\n\n<p><strong>Qu\u2019est-ce que cette formation vous a apport\u00e9 ?<\/strong><\/p>\n\n\n\n<blockquote class=\"wp-block-quote is-layout-flow wp-block-quote-is-layout-flow\"><p>\u201cCette formation m\u2019a apport\u00e9 des savoirs vraiment vari\u00e9s, notamment sur les sciences sociales et humaines, qui sont \u00e0 mon sens des aspects primordiaux pour comprendre pleinement les probl\u00e9matique de l\u2019\u00e9conomie et de la gestion.\u201d<\/p><\/blockquote>\n\n\n\n<hr class=\"wp-block-separator has-text-color has-background is-style-wide\" style=\"background-color:#e6e6e6;color:#e6e6e6\"\/>\n\n\n\n<div style=\"height:30px\" aria-hidden=\"true\" class=\"wp-block-spacer\"><\/div>\n\n\n\n<p style=\"font-size:18px\"><strong>Meurisse Pierre<\/strong>, promotion 2022 (Alan Turing)<\/p>\n\n\n\n<p><strong>Pourquoi avez-vous choisi cette majeure ?<\/strong><\/p>\n\n\n\n<blockquote class=\"wp-block-quote is-layout-flow wp-block-quote-is-layout-flow\"><p>\u00ab\u00a0Ce master permet d&rsquo;appr\u00e9hender mes mati\u00e8res telles que la finance ou le marketing tout en d\u00e9veloppant un esprit critique sur la soci\u00e9t\u00e9 contemporaine.\u00a0\u00bb<\/p><\/blockquote>\n\n\n\n<p><strong>Qu\u2019est-ce qui vous pla\u00eet le plus ?<\/strong><\/p>\n\n\n\n<blockquote class=\"wp-block-quote is-layout-flow wp-block-quote-is-layout-flow\"><p>\u00ab\u00a0Les enseignements d&rsquo;une grande qualit\u00e9, l&rsquo;ouverture d&rsquo;esprit cultiv\u00e9.\u00a0\u00bb<\/p><\/blockquote>\n\n\n\n<p><strong>Qu\u2019est-ce que cette formation vous a apport\u00e9 ?<\/strong><\/p>\n\n\n\n<blockquote class=\"wp-block-quote is-layout-flow wp-block-quote-is-layout-flow\"><p>\u00ab\u00a0Des connaissances dans la finance, la strat\u00e9gie des organisations ou encore dans le marketing.\u00a0\u00bb<\/p><\/blockquote>\n\n\n\n<p><strong>Qu&rsquo;est-ce qui rend cette formation unique ? <\/strong><\/p>\n\n\n\n<blockquote class=\"wp-block-quote is-layout-flow wp-block-quote-is-layout-flow\"><p>\u00a0\u00bb \u00ab\u00a0L&rsquo;esprit sciences po\u00a0\u00bb entrecrois\u00e9 de finance ou de marketing.\u00a0\u00bb<\/p><\/blockquote>\n\n\n\n<p><strong>Et apr\u00e8s CFi, o\u00f9 est ce que vous vous voyez? <\/strong>(Domaine professionnel, poste, entreprise\u2026)<\/p>\n\n\n\n<blockquote class=\"wp-block-quote is-layout-flow wp-block-quote-is-layout-flow\"><p>\u00ab\u00a0Analyste financier, contr\u00f4leur de gestion.\u00a0\u00bb<\/p><\/blockquote>\n\n\n\n<hr class=\"wp-block-separator has-text-color has-background is-style-wide\" style=\"background-color:#e6e6e6;color:#e6e6e6\"\/>\n\n\n\n<div style=\"height:30px\" aria-hidden=\"true\" class=\"wp-block-spacer\"><\/div>\n\n\n\n<p style=\"font-size:18px\"><strong>Chainho Emma<\/strong>, promotion 2022 (Alan Turing)<\/p>\n\n\n\n<p><strong>Pourquoi avez-vous choisi cette majeure ?<\/strong><\/p>\n\n\n\n<blockquote class=\"wp-block-quote is-layout-flow wp-block-quote-is-layout-flow\"><p>\u00ab\u00a0J\u2019ai choisi la majeure CFI pour son enseignement professionnel qui change des cours tr\u00e8s th\u00e9oriques de 1\u00e8re et 2eme ann\u00e9e.\u00a0\u00bb<\/p><\/blockquote>\n\n\n\n<p><strong>Qu\u2019est-ce qui vous pla\u00eet le plus ?<\/strong><\/p>\n\n\n\n<blockquote class=\"wp-block-quote is-layout-flow wp-block-quote-is-layout-flow\"><p>\u00ab\u00a0Le fait que les enseignants et enseignantes soient des professionnels.\u00a0\u00bb<\/p><\/blockquote>\n\n\n\n<hr class=\"wp-block-separator has-text-color has-background is-style-wide\" style=\"background-color:#e6e6e6;color:#e6e6e6\"\/>\n\n\n\n<div style=\"height:30px\" aria-hidden=\"true\" class=\"wp-block-spacer\"><\/div>\n\n\n\n<p style=\"font-size:18px\"><strong>Ravinet Thibault<\/strong>, promotion 2022 (Alan Turing)<\/p>\n\n\n\n<p><strong>Pourquoi avez-vous choisi cette majeure ?<\/strong><\/p>\n\n\n\n<blockquote class=\"wp-block-quote is-layout-flow wp-block-quote-is-layout-flow\"><p>\u00ab\u00a0J&rsquo;ai choisi cette majeure pour son aspect professionnalisant. Il \u00e9tait temps pour moi de confronter les outils th\u00e9oriques appris lors du premier cycle avec leurs applications concr\u00e8tes.\u00a0\u00bb<\/p><\/blockquote>\n\n\n\n<p><strong>Qu\u2019est-ce qui vous pla\u00eet le plus ?<\/strong><\/p>\n\n\n\n<blockquote class=\"wp-block-quote is-layout-flow wp-block-quote-is-layout-flow\"><p>\u00ab\u00a0Nos professeurs sont des intervenants du monde professionnel. La possibilit\u00e9 de faire une alternance me pla\u00eet \u00e9galement.\u00a0\u00bb<\/p><\/blockquote>\n\n\n\n<p><strong>Qu\u2019est-ce que cette formation vous a apport\u00e9 ?<\/strong><\/p>\n\n\n\n<blockquote class=\"wp-block-quote is-layout-flow wp-block-quote-is-layout-flow\"><p>\u00ab\u00a0Des comp\u00e9tences techniques.\u00a0\u00bb<\/p><\/blockquote>\n\n\n\n<p><strong>Qu&rsquo;est ce qui rend cette formation unique ?<\/strong><\/p>\n\n\n\n<blockquote class=\"wp-block-quote is-layout-flow wp-block-quote-is-layout-flow\"><p>\u00ab\u00a0C&rsquo;est la formation la plus professionnalisante de Sciences Po.\u00a0\u00bb<\/p><\/blockquote>\n\n\n\n<p><strong>Quels sont pour vous les atouts majeurs de cette formation ?<\/strong><\/p>\n\n\n\n<blockquote class=\"wp-block-quote is-layout-flow wp-block-quote-is-layout-flow\"><p>\u00ab\u00a0Toujours la m\u00eame chose, l&rsquo;aspect professionnalisant.\u00a0\u00bb<\/p><\/blockquote>\n\n\n\n<p><strong>Et apr\u00e8s CFI, o\u00f9 est ce que vous vous voyez ?<\/strong> (Domaine professionnel, poste, entreprise\u2026)<\/p>\n\n\n\n<blockquote class=\"wp-block-quote is-layout-flow wp-block-quote-is-layout-flow\"><p>\u00ab\u00a0En intelligence strat\u00e9gique\u00a0\u00bb<\/p><\/blockquote>\n\n\n\n<hr class=\"wp-block-separator has-text-color has-background is-style-wide\" style=\"background-color:#e6e6e6;color:#e6e6e6\"\/>\n\n\n\n<div style=\"height:30px\" aria-hidden=\"true\" class=\"wp-block-spacer\"><\/div>\n\n\n\n<p style=\"font-size:18px\"><strong>Reneaume Nestor<\/strong>, promotion 2023, fili\u00e8re franco-allemande<\/p>\n\n\n\n<p><strong>Pourquoi avez-vous choisi cette majeure ?<\/strong><\/p>\n\n\n\n<blockquote class=\"wp-block-quote is-layout-flow wp-block-quote-is-layout-flow\"><p>\u00ab\u00a0Pour avoir une formation professionnalisante et associ\u00e9e au monde de l&rsquo;entreprise et ses enjeux contemporains tels que l&rsquo;engagement RSE et les nouvelles perspectives \u00e9cologiques.\u00a0\u00bb <\/p><\/blockquote>\n\n\n\n<p><strong>Qu\u2019est-ce qui vous pla\u00eet le plus ?<\/strong><\/p>\n\n\n\n<blockquote class=\"wp-block-quote is-layout-flow wp-block-quote-is-layout-flow\"><p>\u00ab\u00a0Ce que j&rsquo;aime particuli\u00e8rement dans cette formation c&rsquo;est l&rsquo;aspect tr\u00e8s concret presque terre-\u00e0terre qu&rsquo;il manque \u00e0 la formation classique de Sciences Po.\u00a0\u00bb<\/p><\/blockquote>\n\n\n\n<p><strong>Qu\u2019est-ce que cette formation vous a apport\u00e9 ?<\/strong><\/p>\n\n\n\n<blockquote class=\"wp-block-quote is-layout-flow wp-block-quote-is-layout-flow\"><p>\u00ab\u00a0Des connaissances pratiques sur le fonctionnement d&rsquo;une entreprise et la capacit\u00e9 d&rsquo;appliquer mes connaissances.\u00a0\u00bb<\/p><\/blockquote>\n\n\n\n<p><strong>Qu&rsquo;est-ce qui rend cette formation unique ? <\/strong><\/p>\n\n\n\n<blockquote class=\"wp-block-quote is-layout-flow wp-block-quote-is-layout-flow\"><p>\u00ab\u00a0L&rsquo;alternance est essentielle pour moi mais c&rsquo;est le fait d&rsquo;avoir un bagage Sciences Po en plus d&rsquo;une formation en commerce qui rend la formation unique.\u00a0\u00bb<\/p><\/blockquote>\n\n\n\n<p><strong>Quels sont pour vous les atouts majeurs de cette formation ? <\/strong><\/p>\n\n\n\n<blockquote class=\"wp-block-quote is-layout-flow wp-block-quote-is-layout-flow\"><p>\u00ab\u00a0Les atouts de cette formation sont d&rsquo;une part le contenu des cours mais aussi l&rsquo;alternance et le point de vue que Sciences Po nous donne sur des questions entrepreneuriales.\u00a0\u00bb<\/p><\/blockquote>\n\n\n\n<p><strong>Et apr\u00e8s CFI, o\u00f9 est ce que vous vous voyez ?<\/strong> (Domaine professionnel, poste, entreprise\u2026)<\/p>\n\n\n\n<blockquote class=\"wp-block-quote is-layout-flow wp-block-quote-is-layout-flow\"><p>\u00ab\u00a0J&rsquo;aimerais travailler dans la FoodTech ou dans le secteur viticole.\u00a0\u00bb<\/p><\/blockquote>\n\n\n\n<hr class=\"wp-block-separator has-text-color has-background is-style-wide\" style=\"background-color:#e6e6e6;color:#e6e6e6\"\/>\n\n\n\n<div style=\"height:30px\" aria-hidden=\"true\" class=\"wp-block-spacer\"><\/div>\n\n\n\n<p style=\"font-size:18px\"><strong>Depond Floriane<\/strong>, promotion 2022 (Alan Turing)<\/p>\n\n\n\n<p><strong>Pourquoi avez-vous choisi cette majeure ?<\/strong><\/p>\n\n\n\n<blockquote class=\"wp-block-quote is-layout-flow wp-block-quote-is-layout-flow\"><p>\u00ab\u00a0J\u2019ai choisis la majeure CFI afin de pouvoir en apprendre plus sur les mati\u00e8res li\u00e9es aux sciences de gestion.\u00a0\u00bb<\/p><\/blockquote>\n\n\n\n<p><strong>Qu\u2019est-ce qui vous pla\u00eet le plus ?<\/strong><\/p>\n\n\n\n<blockquote class=\"wp-block-quote is-layout-flow wp-block-quote-is-layout-flow\"><p>\u00ab\u00a0Ce qui me pla\u00eet le plus dans ce parcours c\u2019est la pluridisciplinarit\u00e9 des mati\u00e8res qui permettent d\u2019obtenir une large vision sur les comp\u00e9tences n\u00e9cessaires en entreprise.\u00a0\u00bb<\/p><\/blockquote>\n\n\n\n<p><strong>Qu\u2019est-ce que cette formation vous a apport\u00e9 ?<\/strong><\/p>\n\n\n\n<blockquote class=\"wp-block-quote is-layout-flow wp-block-quote-is-layout-flow\"><p>\u00ab\u00a0Cette formation compl\u00e8te mes pr\u00e9c\u00e9dentes formations.\u00a0\u00bb<\/p><\/blockquote>\n\n\n\n<p><strong>Qu&rsquo;est-ce qui rend cette formation unique ?<\/strong><\/p>\n\n\n\n<blockquote class=\"wp-block-quote is-layout-flow wp-block-quote-is-layout-flow\"><p>\u00ab\u00a0Cette formation est unique de par sa singularit\u00e9 par rapport aux formations d\u2019\u00e9coles de commerce.\u00a0\u00bb<\/p><\/blockquote>\n\n\n\n<p><strong>Quels sont pour vous les atouts majeurs de cette formation ?<\/strong><\/p>\n\n\n\n<blockquote class=\"wp-block-quote is-layout-flow wp-block-quote-is-layout-flow\"><p>\u00ab\u00a0La pluridisciplinarit\u00e9 du parcours est l\u2019atout majeur de cette formation.\u00a0\u00bb<\/p><\/blockquote>\n\n\n\n<p><strong>Et apr\u00e8s CFI, o\u00f9 est ce que vous vous voyez ?<\/strong> (Domaine professionnel, poste, entreprise\u2026)<\/p>\n\n\n\n<blockquote class=\"wp-block-quote is-layout-flow wp-block-quote-is-layout-flow\"><p>\u00ab\u00a0Apr\u00e8s CFI, je me vois contr\u00f4leuse de gestion dans le domaine de l\u2019h\u00f4tellerie\/restauration.\u00a0\u00bb<\/p><\/blockquote>\n\n\n\n<hr class=\"wp-block-separator has-text-color has-background is-style-wide\" style=\"background-color:#e6e6e6;color:#e6e6e6\"\/>\n\n\n\n<div style=\"height:30px\" aria-hidden=\"true\" class=\"wp-block-spacer\"><\/div>\n\n\n\n<p style=\"font-size:18px\"><strong>Imarraine Younes<\/strong>, promotion 2022 (Alan Turing)<\/p>\n\n\n\n<p><strong>Pourquoi avez-vous choisi cette majeure ?<\/strong><\/p>\n\n\n\n<blockquote class=\"wp-block-quote is-layout-flow wp-block-quote-is-layout-flow\"><p>\u00ab\u00a0Afin de me sp\u00e9cialiser en \u00e9conomie et finances.\u00a0\u00bb<\/p><\/blockquote>\n\n\n\n<p><strong>Qu\u2019est-ce qui vous pla\u00eet le plus ?<\/strong><\/p>\n\n\n\n<blockquote class=\"wp-block-quote is-layout-flow wp-block-quote-is-layout-flow\"><p>\u00ab\u00a0La possibilit\u00e9 d&rsquo;effectuer une alternance en M2 et le fait que les enseignants exercent le m\u00e9tier qu&rsquo;ils enseignent.\u00a0\u00bb<\/p><\/blockquote>\n\n\n\n<p><strong>Qu\u2019est-ce que cette formation vous a apport\u00e9 ?<\/strong><\/p>\n\n\n\n<blockquote class=\"wp-block-quote is-layout-flow wp-block-quote-is-layout-flow\"><p>\u00ab\u00a0De solides connaissances th\u00e9oriques dans plusieurs domaines relatifs au monde de l&rsquo;entreprise.\u00a0\u00bb<\/p><\/blockquote>\n\n\n\n<p><strong>Quels sont pour vous les atouts majeurs de cette formation ?<\/strong><\/p>\n\n\n\n<blockquote class=\"wp-block-quote is-layout-flow wp-block-quote-is-layout-flow\"><p>\u00ab\u00a0L&rsquo;alternance, le profil des enseignants, les d\u00e9bouch\u00e9s professionnels.\u00a0\u00bb<\/p><\/blockquote>\n\n\n\n<p><strong>Et apr\u00e8s CFI, o\u00f9 est ce que vous vous voyez ?<\/strong> (Domaine professionnel, poste, entreprise\u2026)<\/p>\n\n\n\n<blockquote class=\"wp-block-quote is-layout-flow wp-block-quote-is-layout-flow\"><p>\u00ab\u00a0Minist\u00e8re de l&rsquo;\u00e9conomie, des finances et de la relance.\u00a0\u00bb<\/p><\/blockquote>\n\n\n\n<hr class=\"wp-block-separator has-text-color has-background is-style-wide\" style=\"background-color:#e6e6e6;color:#e6e6e6\"\/>\n\n\n\n<div style=\"height:30px\" aria-hidden=\"true\" class=\"wp-block-spacer\"><\/div>\n\n\n\n<p style=\"font-size:18px\"><strong>Wu Jie<\/strong>, promotion 2022 (Alan Turing)<\/p>\n\n\n\n<p><strong>Pourquoi avez-vous choisi cette majeure ?<\/strong><\/p>\n\n\n\n<blockquote class=\"wp-block-quote is-layout-flow wp-block-quote-is-layout-flow\"><p>\u00ab\u00a0Car la deuxi\u00e8me ann\u00e9e de master est en alternance et je suis int\u00e9ress\u00e9 par le monde commercial.\u00a0\u00bb<\/p><\/blockquote>\n\n\n\n<p><strong>Qu\u2019est-ce qui vous pla\u00eet le plus ?<\/strong><\/p>\n\n\n\n<blockquote class=\"wp-block-quote is-layout-flow wp-block-quote-is-layout-flow\"><p>\u00ab\u00a0Les r\u00e9flexions faites pendant les cours et aussi les \u00e9changes avec des professeurs.\u00a0\u00bb<\/p><\/blockquote>\n\n\n\n<p><strong>Qu\u2019est-ce que cette formation vous a apport\u00e9 ?<\/strong><\/p>\n\n\n\n<blockquote class=\"wp-block-quote is-layout-flow wp-block-quote-is-layout-flow\"><p>\u00ab\u00a0La connaissance basique et g\u00e9n\u00e9rale sur la finance et aussi sur les sciences politiques et sociales.\u00a0\u00bb<\/p><\/blockquote>\n\n\n\n<p><strong>Et apr\u00e8s CFI, o\u00f9 est ce que vous vous voyez ?<\/strong> (Domaine professionnel, poste, entreprise\u2026)<\/p>\n\n\n\n<blockquote class=\"wp-block-quote is-layout-flow wp-block-quote-is-layout-flow\"><p>\u00ab\u00a0Marketing et communication ou affaires internationales.\u00a0\u00bb<\/p><\/blockquote>\n\n\n\n<hr class=\"wp-block-separator has-text-color has-background is-style-wide\" style=\"background-color:#e6e6e6;color:#e6e6e6\"\/>\n\n\n\n<div style=\"height:30px\" aria-hidden=\"true\" class=\"wp-block-spacer\"><\/div>\n\n\n\n<p style=\"font-size:18px\"><strong>Strappazzon Flavien<\/strong>, promotion 2022 (Alan Turing)<\/p>\n\n\n\n<p><strong>Pourquoi avez-vous choisi cette majeure ?<\/strong><\/p>\n\n\n\n<blockquote class=\"wp-block-quote is-layout-flow wp-block-quote-is-layout-flow\"><p>\u00ab\u00a0J\u2019ai choisi CFI parce que l\u2019id\u00e9e d\u2019une formation en sciences sociales et en sciences de gestion et finance m\u2019int\u00e9ressait particuli\u00e8rement, et que = l\u2019alternance permettrait de me professionnaliser.\u00a0\u00bb<\/p><\/blockquote>\n\n\n\n<p><strong>Qu\u2019est-ce qui vous pla\u00eet le plus ?<\/strong><\/p>\n\n\n\n<blockquote class=\"wp-block-quote is-layout-flow wp-block-quote-is-layout-flow\"><p>\u00ab\u00a0Le fait qu\u2019une partie professeurs soient issus de diverses entreprises et que ceux-ci nous fournissent de pr\u00e9cieux conseils en plus de nous apporter une vision tr\u00e8s terre-\u00e0-terre de leur mati\u00e8re.\u00a0\u00bb<\/p><\/blockquote>\n\n\n\n<p><strong>Qu\u2019est-ce que cette formation vous a apport\u00e9 ?<\/strong><\/p>\n\n\n\n<blockquote class=\"wp-block-quote is-layout-flow wp-block-quote-is-layout-flow\"><p>\u00ab\u00a0Des connaissances pratiques et th\u00e9oriques dans de nombreux domaines, beaucoup de conseils et de l\u2019assurance pour entrer sur le march\u00e9 du travail.\u00a0\u00bb<\/p><\/blockquote>\n\n\n\n<p><strong>Qu&rsquo;est-ce qui rend cette formation unique ? <\/strong><\/p>\n\n\n\n<blockquote class=\"wp-block-quote is-layout-flow wp-block-quote-is-layout-flow\"><p>\u00ab\u00a0Cette formation allie sciences sociales, de gestion, de la finance, de la comptabilit\u00e9 pour appr\u00e9hender le monde de l\u2019entreprise sous divers angles originaux qui se compl\u00e8tent les uns les autres.\u00a0\u00bb<\/p><\/blockquote>\n\n\n\n<p><strong>Quels sont pour vous les atouts majeurs de cette formation ? <\/strong><\/p>\n\n\n\n<blockquote class=\"wp-block-quote is-layout-flow wp-block-quote-is-layout-flow\"><p>\u00ab\u00a0L\u2019alternance qui nous permettra d\u2019acqu\u00e9rir plus de comp\u00e9tences en entreprise, avec en plus des cours qui allient th\u00e9orie et pratiques permettant d\u2019avoir une vision compl\u00e8te de l\u2019entreprise, de son fonctionnement.\u00a0\u00bb<\/p><\/blockquote>\n\n\n\n<p><strong>Et apr\u00e8s CFI, o\u00f9 est ce que vous vous voyez ?<\/strong> (Domaine professionnel, poste, entreprise\u2026)<\/p>\n\n\n\n<blockquote class=\"wp-block-quote is-layout-flow wp-block-quote-is-layout-flow\"><p>\u00ab\u00a0Apr\u00e8s CFI, j\u2019aimerais travailler dans le secteur public en appui aux entreprises.\u00a0\u00bb<\/p><\/blockquote>\n\n\n\n<div style=\"height:59px\" aria-hidden=\"true\" class=\"wp-block-spacer\"><\/div>\n\n\n\n<p>Vous pouvez \u00e9galement retrouver <a href=\"https:\/\/alumni.sciencespo-lille.eu\/article\/portrait-d-etudiantes-etudiants-de-la-majeure-management-raisonne-des-entreprises-mre-promotion-denis-mukwege-2023\/10\/02\/2022\/180\" target=\"_blank\" rel=\"noreferrer noopener\">ici<\/a> le <strong>portrait des \u00e9tudiantes et des \u00e9tudiants<\/strong> de la promotion Denis Mukwege (2023).<\/p>\n","protected":false},"excerpt":{"rendered":"<p>Lidi Wu, promotion 2021 (Nina Simone) Pourquoi avez-vous choisi cette majeure ? \u201cLe master CFI est une formation pluridisciplinaire et professionnalisante qui nous procure non seulement une connaissance globale en management mais \u00e9galement une certaine expertise sur la comptabilit\u00e9, la finance et la communication, nous permettant d\u2019avoir acc\u00e8s aux diff\u00e9rents m\u00e9tiers dans diff\u00e9rents domaines.\u201d Qu\u2019est-ce [&hellip;]<\/p>\n","protected":false},"author":1,"featured_media":0,"parent":0,"menu_order":0,"comment_status":"closed","ping_status":"closed","template":"","meta":{"_seopress_robots_primary_cat":"","_seopress_titles_title":"","_seopress_titles_desc":"","_seopress_robots_index":"","ocean_post_layout":"","ocean_both_sidebars_style":"","ocean_both_sidebars_content_width":0,"ocean_both_sidebars_sidebars_width":0,"ocean_sidebar":"0","ocean_second_sidebar":"0","ocean_disable_margins":"enable","ocean_add_body_class":"","ocean_shortcode_before_top_bar":"","ocean_shortcode_after_top_bar":"","ocean_shortcode_before_header":"","ocean_shortcode_after_header":"","ocean_has_shortcode":"","ocean_shortcode_after_title":"","ocean_shortcode_before_footer_widgets":"","ocean_shortcode_after_footer_widgets":"","ocean_shortcode_before_footer_bottom":"","ocean_shortcode_after_footer_bottom":"","ocean_display_top_bar":"default","ocean_display_header":"default","ocean_header_style":"","ocean_center_header_left_menu":"0","ocean_custom_header_template":"0","ocean_custom_logo":0,"ocean_custom_retina_logo":0,"ocean_custom_logo_max_width":0,"ocean_custom_logo_tablet_max_width":0,"ocean_custom_logo_mobile_max_width":0,"ocean_custom_logo_max_height":0,"ocean_custom_logo_tablet_max_height":0,"ocean_custom_logo_mobile_max_height":0,"ocean_header_custom_menu":"0","ocean_menu_typo_font_family":"0","ocean_menu_typo_font_subset":"","ocean_menu_typo_font_size":0,"ocean_menu_typo_font_size_tablet":0,"ocean_menu_typo_font_size_mobile":0,"ocean_menu_typo_font_size_unit":"px","ocean_menu_typo_font_weight":"","ocean_menu_typo_font_weight_tablet":"","ocean_menu_typo_font_weight_mobile":"","ocean_menu_typo_transform":"","ocean_menu_typo_transform_tablet":"","ocean_menu_typo_transform_mobile":"","ocean_menu_typo_line_height":0,"ocean_menu_typo_line_height_tablet":0,"ocean_menu_typo_line_height_mobile":0,"ocean_menu_typo_line_height_unit":"","ocean_menu_typo_spacing":0,"ocean_menu_typo_spacing_tablet":0,"ocean_menu_typo_spacing_mobile":0,"ocean_menu_typo_spacing_unit":"","ocean_menu_link_color":"","ocean_menu_link_color_hover":"","ocean_menu_link_color_active":"","ocean_menu_link_background":"","ocean_menu_link_hover_background":"","ocean_menu_link_active_background":"","ocean_menu_social_links_bg":"","ocean_menu_social_hover_links_bg":"","ocean_menu_social_links_color":"","ocean_menu_social_hover_links_color":"","ocean_disable_title":"default","ocean_disable_heading":"default","ocean_post_title":"","ocean_post_subheading":"","ocean_post_title_style":"","ocean_post_title_background_color":"","ocean_post_title_background":0,"ocean_post_title_bg_image_position":"","ocean_post_title_bg_image_attachment":"","ocean_post_title_bg_image_repeat":"","ocean_post_title_bg_image_size":"","ocean_post_title_height":0,"ocean_post_title_bg_overlay":0.5,"ocean_post_title_bg_overlay_color":"","ocean_disable_breadcrumbs":"default","ocean_breadcrumbs_color":"","ocean_breadcrumbs_separator_color":"","ocean_breadcrumbs_links_color":"","ocean_breadcrumbs_links_hover_color":"","ocean_display_footer_widgets":"default","ocean_display_footer_bottom":"default","ocean_custom_footer_template":"0","footnotes":""},"class_list":["post-56","page","type-page","status-publish","hentry","entry"],"_links":{"self":[{"href":"https:\/\/mre.sciencespo-lille.eu\/index.php\/wp-json\/wp\/v2\/pages\/56","targetHints":{"allow":["GET"]}}],"collection":[{"href":"https:\/\/mre.sciencespo-lille.eu\/index.php\/wp-json\/wp\/v2\/pages"}],"about":[{"href":"https:\/\/mre.sciencespo-lille.eu\/index.php\/wp-json\/wp\/v2\/types\/page"}],"author":[{"embeddable":true,"href":"https:\/\/mre.sciencespo-lille.eu\/index.php\/wp-json\/wp\/v2\/users\/1"}],"replies":[{"embeddable":true,"href":"https:\/\/mre.sciencespo-lille.eu\/index.php\/wp-json\/wp\/v2\/comments?post=56"}],"version-history":[{"count":12,"href":"https:\/\/mre.sciencespo-lille.eu\/index.php\/wp-json\/wp\/v2\/pages\/56\/revisions"}],"predecessor-version":[{"id":387,"href":"https:\/\/mre.sciencespo-lille.eu\/index.php\/wp-json\/wp\/v2\/pages\/56\/revisions\/387"}],"wp:attachment":[{"href":"https:\/\/mre.sciencespo-lille.eu\/index.php\/wp-json\/wp\/v2\/media?parent=56"}],"curies":[{"name":"wp","href":"https:\/\/api.w.org\/{rel}","templated":true}]}}